 Let v be s(4). Let n = 2 - 0. Let t(l) = -2*l - 4*l**2 + n*l**2 + 4*l**2 - 4. Calculate t(v).
8
Let j(y) = -y**2 - 5*y - 7. Let l = -243 - -238. Determine j(l).
-7
Let g(c) = c**3 - 5*c**2 - 8*c + 1. Let i(d) = -18*d + 1. Let q be i(-1). Suppose q = b - 4*j, -3*b + 0*j = -3*j - 30. Let y be b + (-3)/(-4 + 7). What is g(y)?
-11
Let o(f) = f + 1. Let j(u) = -2*u + 1 + 5*u - u + 3. Let r(s) = j(s) - 4*o(s). Give r(-2).
4
Let p(l) = -4*l - 3. Let b = -130 - -128. Give p(b).
5
Let g(i) = 3*i + 6*i - 4*i**2 + 5*i**2 + 0*i - 15*i. Calculate g(4).
-8
Let m be ((-3)/(-2))/(6/28). Let n(j) = -j + 0*j - 9 - 8 + m*j. Let h(s) = s - 3. Let o(w) = 34*h(w) - 6*n(w). Calculate o(-2).
4
Let t(p) = 7*p + 5 + 12*p**2 - 2*p + 2*p**2 + p**3 - 10*p**2. Determine t(-4).
-15
Let w(c) = 2*c**2 - 1 + c**2 + 96*c + 0*c**2 - 97*c. What is w(1)?
1
Let p be (1/2)/(2/4). Let x(k) = k**2 - 1. Let n(o) = -5*o**3 - 4*o**2 + o + 3. Suppose 0 = -3*d + 26 - 17. Let m(t) = d*x(t) + n(t). What is m(p)?
-5
Let f(r) = 18*r + 2 + 11 - 17*r. Calculate f(-10).
3
Let z(x) = x**3 + 5*x**2 + 2*x - 2. Suppose -4*c + 0*t = 3*t + 174, 2*t + 130 = -3*c. Let s = c - -38. Determine z(s).
6
Let j = -76 + 69. Let g(y) = 2*y**2 + 15*y + 6. What is g(j)?
-1
Let h be 2*(-3)/3 + -7. Let u(d) = d**2 + 9*d - 2. Calculate u(h).
-2
Let p = -8 + 11. Let v = 3 + -1. Let u(q) = 1 + 35*q - 33*q - q**v - 5. Give u(p).
-7
Let q(n) = n**3 + 5*n**2 + 5*n - 1. Let c = -40 + 36. Let m be (-4 + c/(-2))*2. Determine q(m).
-5
Suppose 3*u - 2 = -5*d + 2, -5*u + 12 = 3*d. Let i(g) = -u + g**2 + 3*g - g**2 + g**2. Give i(-5).
7
Let a(b) be the third derivative of -b**4/24 + 5*b**3/6 + 54*b**2 + b. Calculate a(6).
-1
Let h(o) = -2*o**2 + 7. Suppose -111 + 111 = 40*y. Give h(y).
7
Suppose -4*n + 5*t = 4, -3*n = -0*t + t - 16. Let o(x) = 2*x - 78 + 80 + 4*x**2 - x**3 + n*x**2 + 0*x**2. Calculate o(8).
18
Let k(t) = 2*t + 4. Suppose 3*v = -2*v + 20. Let i be k(v). Let f(b) = -11 + b + 4*b + i. Give f(2).
11
Let q(b) = b + 9. Let r(j) = j - 2. Suppose 33 = 3*x - 3*t, -5*t = -3*x - x + 47. Let f be 3/2 - 28/x. Let w be r(f). Determine q(w).
5
Let i(w) = w**2 + w - 4. Let d = -13 - -31. Let m = -15 + d. Give i(m).
8
Let v(y) = -3*y**2 + 3*y + 2. Let a be v(-1). Let c be (-52)/(-14) + a/(-14). Let r(p) = -p - 1. Calculate r(c).
-5
Let d = -67 - -70. Let w(h) = -8*h**3 + 11*h**2 - 10*h - 6. Let z(r) = -7*r**3 + 10*r**2 - 9*r - 5. Let t(q) = 6*w(q) - 7*z(q). Determine t(d).
-1
Let w(x) be the third derivative of x**5/60 + 7*x**4/24 + x**3/3 - 16*x**2 + 2. What is w(-6)?
-4
Let b(m) = m**3 - 10*m**2 + 16*m + 9. Let f be -14 + 8 - (-14 + 0). What is b(f)?
9
Let b(j) = -j**2 - 5*j - 4. Let i = -85 - -88. Suppose -i*k - 21 = h, 5*h - 4 = k - 13. Give b(k).
-10
Let l(b) = b - 15. Let g = 184 - 175. Calculate l(g).
-6
Let x = 325 + -320. Let n(q) = 2. Let w(t) = -t - 3. Let j(z) = -7*n(z) - 3*w(z). Determine j(x).
10
Let h(k) = 41*k**2 - 167*k**2 + 134*k**2. Let l = 4 - 3. Give h(l).
8
Let x(d) be the first derivative of -d**4/4 - 5*d**3 - 13*d**2/2 + 6*d + 30. Determine x(-14).
-8
Let y(b) = 22*b**2 - 1. Let t be (-4 + 3)*3 - -4. Give y(t).
21
Let v be ((-24)/30)/((-2)/5). Let p = 21 - 14. Suppose p = -3*s + t, -v*s - t - 23 = 2*t. Let j(r) = r**2 + 2*r - 5. Give j(s).
3
Let k(z) = 22*z**3 - z**2 - z + 1. Suppose 5*r - 4*o - 25 = 0, 15*o - 1 = 4*r + 16*o. Calculate k(r).
21
Let j(a) = 5*a + 31*a**3 - 7 + 14*a**2 - 30*a**3 - 20*a**2. Let b(r) = 5*r**2 - r + 1. Let t be b(1). Give j(t).
-7
Let j(s) = -9*s**3 + 27*s**2 - 32*s + 19. Let d(q) = 11*q**3 - 30*q**2 + 33*q - 19. Let u(t) = -4*d(t) - 5*j(t). Determine u(13).
7
Let l(w) = -6*w + 0 - 2 + 2 + 8 + 2. What is l(3)?
-8
Suppose -3*l + 2*f - 58 = 0, 15*f = 10*f + 25. Let s(j) = j**2 + 15*j - 6. Determine s(l).
10
Let n(r) = 2*r**2 - 36*r + 103. Let l be n(14). Let t(j) = -j**3 - 11*j**2 - 17*j + 6. Give t(l).
-3
Let z = -16 + 15. Suppose -3*a + 9 + 0 = 0. Let u(n) = 5*n - n - a*n. Determine u(z).
-1
Let p be (-280)/112*(-6)/5. Let w(b) = b**3 - 6*b**2 + 4*b - 5. Give w(p).
-20
Let z(f) be the third derivative of 7/6*f**3 - 1/60*f**5 - 7/24*f**4 + 0 + 0*f + 4*f**2. Suppose -15 = 5*y - 3*d, -5*d + 8 = -3*y - 3*d. What is z(y)?
13
Let k(h) = -2*h + 3. Suppose -z - y - 3*y + 80 = 0, -y = 5*z - 305. Let u = -58 + z. Calculate k(u).
-1
Let c(x) = -x**2 + 13*x + 17. Let q be c(14). Let v(p) = -2*p. Let s(d) = -4*d + 1. Let r(b) = -3*s(b) + 5*v(b). Give r(q).
3
Let q = -1726 - -51781/30. Let c(z) be the third derivative of 0*z**5 + q*z**6 + 4*z**2 + 0 + 1/24*z**4 + 0*z**3 + 0*z. What is c(1)?
5
Suppose -3*k = -k - 128. Suppose -63 = -5*z - 3*m + 105, -2*z = 2*m - k. Let g(s) = 1 - z*s + 35*s - 5. What is g(-6)?
2
Let z(x) = x**3 - 3*x**2 + 3*x - 2. Suppose 33*y - 43*y = -30. Calculate z(y).
7
Let m(o) be the second derivative of o**4/4 + o**3/2 - o**2 - 82*o. Suppose -7*x - 2*n - 4 = -3*x, 0 = 2*x - 2*n + 14. Determine m(x).
16
Let r(b) = -4*b**3 - 4*b**2 - 7*b + 8. Let z(w) = 7*w**3 + 9*w**2 + 13*w - 16. Let d(g) = 5*r(g) + 3*z(g). Calculate d(-6).
4
Let a be ((-1)/2)/((-2)/(-8)). Let w(m) be the first derivative of -m**2/2 - 2*m - 3382. Give w(a).
0
Let x(k) = k**3 - 4*k**2 + 3*k. Let u(l) = 4*l - 27. Let a be u(8). Let h be (a + -1)*2/4. Give x(h).
-2
Let v(q) = 5 - 3*q**2 + 4*q**2 - 4*q**2 + 13 - 16*q + 2*q**2. Give v(-16).
18
Let w(t) = t**3 - 6*t**2 - 9*t - 3. Suppose 5*i - 6 = -4*s + 41, 4*i - 37 = -3*s. What is w(i)?
-17
Let r = 0 - 3. Let p be -13 - -1 - (-2 - r). Let a be 63/(-13) - (-2)/p. Let g(m) = 2*m. What is g(a)?
-10
Let z(j) be the second derivative of -j**7/2520 - j**6/90 + 7*j**5/120 - 31*j**4/12 + 11*j. Let p(t) be the third derivative of z(t). What is p(-9)?
-2
Let c(x) be the second derivative of 11*x**3/6 - 2*x**2 + 68*x. What is c(3)?
29
Let z(k) = k**3 - 4*k**2 - 6*k + 7. Let o be z(4). Let n(j) = -4*j + 1. Let l(x) = 12*x - 3. Let h(i) = o*n(i) - 6*l(i). Calculate h(2).
-7
Let q(c) = 2*c**3 + 2*c - 3. Let o = -75 - -77. What is q(o)?
17
Let o(c) = -2*c + 12. Let l(s) = -s + 3. Let i be 4 + 10/(-2) - 4. Let k be l(i). Determine o(k).
-4
Let f(h) be the first derivative of h**5/40 + h**4/4 + 9*h**3 - 3. Let i(o) be the third derivative of f(o). Give i(-5).
-9
Let a(g) = 2*g + 8 + 2*g + 6*g - 13*g + 6*g. Give a(-4).
-4
Let p(v) = v**2 + 7*v - 13. Let b be p(2). Let r(o) = -o**3 - 6*o**2 - o + 1. Let u be r(-6). Let d(s) = -4*s + 4*s - u + 2*s. Give d(b).
3
Let g = 87 - 94. Let o(a) = -a**2 + a. Let i(b) = -5*b**2 + 14*b - 4. Let x(h) = i(h) - 6*o(h). Calculate x(g).
-11
Let j(s) = s**3 + 13*s**2 - 14*s + 4. Let n(b) = -3*b**3 - 38*b**2 + 41*b - 11. Let x(h) = 11*j(h) + 4*n(h). Let u be x(-10). Let w(v) = -v**3. Calculate w(u).
0
Let l(g) be the second derivative of g**5/20 + 3*g**4/4 + g**3 + 3*g**2/2 + 236*g. Calculate l(-8).
19
Let o(p) = -3*p - 33 + 30 + p - p + p**2. Give o(-3).
15
Let f(b) = 3*b - 1. Let p be (-4)/8*4*-1*2. Give f(p).
11
Suppose 0 = -j + 5*x + 1, 3 = -2*j - 3*x + 18. Let u(s) = -j + 0*s**2 - 6 + 9 + s**3 - 4*s**2 - 2*s. Determine u(4).
-11
Let a(r) = -r. Let i be a(-5). Let m(x) = 63 - 196 + 0*x + 74 + 64 - x. Determine m(i).
0
Let j = -59 - -55. Let a(x) = -4*x**2 - 6*x. Determine a(j).
-40
Let j(v) = -v**3 + 5*v**2 + 6*v - 11. Let l be j(6). Let p be (0 + 0)/(9 + l). Let z(m) = m**2 - m - 2. What is z(p)?
-2
Suppose 2*d - 3 = -2*p - p, -3 = 3*p + 4*d. Let s be p/(-2)*4/6. Let o(c) be the first derivative of -4*c**2 + 3. What is o(s)?
8
Let q = -13 + 21. Let j(o) = 4*o + 3*o - q*o - 4. Calculate j(4).
-8
Suppose 2*a = -w - 6, 2*w + 3*a + 8 - 1 = 0. Let s(t) be the third derivative of 1/3*t**3 + 0*t - 1/20*t**5 - 1/120*t**6 + 0 - 1/8*t**w + t**2. Calculate s(-3).
11
Suppose -s - 3*k + 2 = -9, 7 = 2*s + 3*k. Let u(w) = -11*w - 6. Calculate u(s).
38
Let g(n) = -7*n**2 - 19*n - 16. Let y(j) = -4*j**2 - 10*j - 8. Let d(a) = -3*g(a) + 5*y(a). Determine d(-7).
8
Let i(j) = 4*j - j**3 + 6*j + 7*j**2 + 202 - 211. Give i(8).
7
Let b(p) = -11 - 2*p**2 + p - 5*p**2 - p**3 + 20. Let n be b(-7). Let r(y) = -n + 0*y + y + 0*y. Determine r(-4).
-6
Let a(i) = i**2 + 4*i - 3. Suppose -5*n - 4*k - 4 - 23 = 0, -2*k = 6. Let u be (-5 - n - -7)/(-1). Let w be a(u). Let l(m) = 2*m**3 - m**2 - 1. Calculate l(w).
11
Let x(y) = y**3 + 3*y**2 - 54*y + 8. Let z be x(-9)